{"id":6,"date":"2021-11-12T22:18:58","date_gmt":"2021-11-12T21:18:58","guid":{"rendered":"http:\/\/www.sitrass.org\/?page_id=6"},"modified":"2023-12-08T11:53:39","modified_gmt":"2023-12-08T10:53:39","slug":"luniversite-dete","status":"publish","type":"page","link":"https:\/\/www.sitrass.org\/index.php\/luniversite-dete\/","title":{"rendered":"L&rsquo;Universit\u00e9 d&rsquo;\u00e9t\u00e9"},"content":{"rendered":"\n<p> <\/p>\n\n\n\n<p><strong>La 31eme \u00e9dition de l\u2019Universit\u00e9 d\u2019\u00e9t\u00e9\u00a0: une belle promotion baptis\u00e9e  Amako\u00e9 ADOLEHOUME\u00a0!<\/strong><\/p>\n\n\n\n<p>L\u2019universit\u00e9 d\u2019\u00e9t\u00e9 <em>L\u2019\u00e9conomie des transports au service du d\u00e9veloppement<\/em> s\u2019est d\u00e9roul\u00e9e une nouvelle fois \u00e0 Lyon, entre le 26 juin et le 21 juillet 2023. Seize participants et participantes, venues du B\u00e9nin, du Burkina Faso, de la C\u00f4te d\u2019Ivoire, du Cameroun, du Mali, du Niger, du S\u00e9n\u00e9gal, du Tchad et du Togo ont pris part \u00e0 cette nouvelle \u00e9dition.<\/p>\n\n\n\n<p>Les cours et les interventions r\u00e9alis\u00e9es par des chercheurs du LAET, des repr\u00e9sentants de l\u2019Union Europ\u00e9enne, de la Banque Mondiale et du SSATP et des experts ont \u00e9t\u00e9 tr\u00e8s appr\u00e9ci\u00e9s par les participants et ont nourri r\u00e9flexions et discussions collectives.<\/p>\n\n\n\n<p>Amako\u00e9 ADOLEHOUME, qui a \u00e9t\u00e9 le responsable de cette universit\u00e9 d\u2019\u00e9t\u00e9 pendant trois d\u00e9cennies et qui est d\u00e9c\u00e9d\u00e9 quelques semaines avant cette nouvelle \u00e9dition, peut \u00eatre fier de cette 31eme promotion qui porte son nom.<\/p>\n\n\n\n<figure class=\"wp-block-image size-full\"><img loading=\"lazy\" decoding=\"async\" width=\"1008\" height=\"756\" src=\"https:\/\/www.sitrass.org\/wp-content\/uploads\/2023\/10\/universite.jpg\" alt=\"\" class=\"wp-image-146\" srcset=\"https:\/\/www.sitrass.org\/wp-content\/uploads\/2023\/10\/universite.jpg 1008w, https:\/\/www.sitrass.org\/wp-content\/uploads\/2023\/10\/universite-300x225.jpg 300w, https:\/\/www.sitrass.org\/wp-content\/uploads\/2023\/10\/universite-768x576.jpg 768w, https:\/\/www.sitrass.org\/wp-content\/uploads\/2023\/10\/universite-360x270.jpg 360w\" sizes=\"auto, (max-width: 1008px) 100vw, 1008px\" \/><\/figure>\n","protected":false},"excerpt":{"rendered":"<p>La 31eme \u00e9dition de l\u2019Universit\u00e9 d\u2019\u00e9t\u00e9\u00a0: une belle promotion baptis\u00e9e Amako\u00e9 ADOLEHOUME\u00a0! L\u2019universit\u00e9 d\u2019\u00e9t\u00e9 L\u2019\u00e9conomie des transports au service du d\u00e9veloppement s\u2019est d\u00e9roul\u00e9e une nouvelle fois \u00e0 Lyon, entre le 26 juin et le 21 juillet 2023. Seize participants et participantes, venues du B\u00e9nin, du Burkina Faso, de la C\u00f4te d\u2019Ivoire, du Cameroun, du Mali, du Niger, du S\u00e9n\u00e9gal, du Tchad et du Togo ont pris part \u00e0 cette nouvelle \u00e9dition. Les cours et les interventions r\u00e9alis\u00e9es par des chercheurs&#8230;<\/p>\n<p class=\"read-more\"><a class=\"btn btn-default\" href=\"https:\/\/www.sitrass.org\/index.php\/luniversite-dete\/\">Lire la suite<span class=\"screen-reader-text\"> Lire la suite<\/span><\/a><\/p>\n","protected":false},"author":1,"featured_media":0,"parent":0,"menu_order":0,"comment_status":"closed","ping_status":"closed","template":"","meta":{"footnotes":""},"class_list":["post-6","page","type-page","status-publish","hentry"],"_links":{"self":[{"href":"https:\/\/www.sitrass.org\/index.php\/wp-json\/wp\/v2\/pages\/6","targetHints":{"allow":["GET"]}}],"collection":[{"href":"https:\/\/www.sitrass.org\/index.php\/wp-json\/wp\/v2\/pages"}],"about":[{"href":"https:\/\/www.sitrass.org\/index.php\/wp-json\/wp\/v2\/types\/page"}],"author":[{"embeddable":true,"href":"https:\/\/www.sitrass.org\/index.php\/wp-json\/wp\/v2\/users\/1"}],"replies":[{"embeddable":true,"href":"https:\/\/www.sitrass.org\/index.php\/wp-json\/wp\/v2\/comments?post=6"}],"version-history":[{"count":3,"href":"https:\/\/www.sitrass.org\/index.php\/wp-json\/wp\/v2\/pages\/6\/revisions"}],"predecessor-version":[{"id":182,"href":"https:\/\/www.sitrass.org\/index.php\/wp-json\/wp\/v2\/pages\/6\/revisions\/182"}],"wp:attachment":[{"href":"https:\/\/www.sitrass.org\/index.php\/wp-json\/wp\/v2\/media?parent=6"}],"curies":[{"name":"wp","href":"https:\/\/api.w.org\/{rel}","templated":true}]}}

L&rsquo;Université d&rsquo;été

<p> </p>



<p><strong>La 31eme édition de l’Université d’été : une belle promotion baptisée  Amakoé ADOLEHOUME !</strong></p>



<p>L’université d’été <em>L’économie des transports au service du développement</em> s’est déroulée une nouvelle fois à Lyon, entre le 26 juin et le 21 juillet 2023. Seize participants et participantes, venues du Bénin, du Burkina Faso, de la Côte d’Ivoire, du Cameroun, du Mali, du Niger, du Sénégal, du Tchad et du Togo ont pris part à cette nouvelle édition.</p>



<p>Les cours et les interventions réalisées par des chercheurs du LAET, des représentants de l’Union Européenne, de la Banque Mondiale et du SSATP et des experts ont été très appréciés par les participants et ont nourri réflexions et discussions collectives.</p>



<p>Amakoé ADOLEHOUME, qui a été le responsable de cette université d’été pendant trois décennies et qui est décédé quelques semaines avant cette nouvelle édition, peut être fier de cette 31eme promotion qui porte son nom.</p>



<figure class="wp-block-image size-full"><img loading="lazy" decoding="async" width="1008" height="756" src="https://www.sitrass.org/wp-content/uploads/2023/10/universite.jpg" alt="" class="wp-image-146" srcset="https://www.sitrass.org/wp-content/uploads/2023/10/universite.jpg 1008w, https://www.sitrass.org/wp-content/uploads/2023/10/universite-300x225.jpg 300w, https://www.sitrass.org/wp-content/uploads/2023/10/universite-768x576.jpg 768w, https://www.sitrass.org/wp-content/uploads/2023/10/universite-360x270.jpg 360w" sizes="auto, (max-width: 1008px) 100vw, 1008px" /></figure>

<p>La 31eme édition de l’Université d’été : une belle promotion baptisée Amakoé ADOLEHOUME ! L’université d’été L’économie des transports au service du développement s’est déroulée une nouvelle fois à Lyon, entre le 26 juin et le 21 juillet 2023. Seize participants et participantes, venues du Bénin, du Burkina Faso, de la Côte d’Ivoire, du Cameroun, du Mali, du Niger, du Sénégal, du Tchad et du Togo ont pris part à cette nouvelle édition. Les cours et les interventions réalisées par des chercheurs&#8230;</p>
<p class="read-more"><a class="btn btn-default" href="https://www.sitrass.org/index.php/luniversite-dete/">Lire la suite<span class="screen-reader-text"> Lire la suite</span></a></p>
